 greatest common factor of y and 28.
4
Let w be (-1587)/(-8) - (-1 - 44/(-32)). Calculate the highest common divisor of w and 22.
22
Suppose 116765 = 55*a - 75075. Calculate the greatest common divisor of a and 109.
109
Suppose 5*g - 432 = -g. Suppose -2*d + 4*d = g. What is the highest common factor of 24 and d?
12
Let t be ((-525)/(-6))/5*-2. Let k = -30 - t. Suppose 0 = k*w + d - 14, 4*w + 0*d - 17 = 5*d. Calculate the highest common divisor of 2 and w.
1
Suppose -10 = -4*j + 86. Let f be j/(-56) - (-367)/7. Calculate the highest common divisor of 130 and f.
26
Let k be (3 + (1 - 1))/((-2)/(-4)). Let q = -63 + 84. What is the greatest common divisor of q and k?
3
Suppose -98 = -17*q + 378. Calculate the highest common factor of q and 2198.
14
Suppose -23 = -20*v + 19*v. Suppose -112 = -5*j + 923. What is the highest common divisor of j and v?
23
Suppose -24*n + 60 = -9*n. Calculate the greatest common divisor of n and 14.
2
Suppose h - 15 - 41 = 0. Suppose 0 = 6*y + y + 196. Let z = 36 + y. Calculate the greatest common factor of h and z.
8
Let b be 11*(-14)/(-77)*16. What is the greatest common divisor of 2272 and b?
32
Let s(p) = p**3 + p**3 + p - 5*p**2 - 2*p**3 + p**3 + 15. Let t be s(5). What is the highest common divisor of 30 and t?
10
Let l be (-2 - (-110)/15)/((-2)/(-69)). Calculate the greatest common factor of l and 23.
23
Let c(s) = 43*s + 1. Let u be c(5). Let h be u/(-60)*10/3. Let d(j) = j**3 + 12*j**2 - j + 3. Let y be d(h). What is the greatest common factor of y and 135?
15
Suppose 2*s + 0*y = 5*y + 729, -4*y = -2*s + 724. What is the greatest common factor of s and 32?
32
Suppose 0*f - 2*f + 158 = 0. Let o(q) = 29*q**3 + 2*q + f*q**2 - 1 - 79*q**2. Let n be o(1). Calculate the greatest common factor of 6 and n.
6
Suppose -37*b - 14400 = -73*b. Calculate the greatest common factor of 16 and b.
16
Let y = 6 - -24. Let q = y - 9. What is the highest common factor of q and 231?
21
Let q(m) = m**2 - 7*m + 12. Let a be q(5). Suppose -5*j + 216 = 7*j. Calculate the greatest common factor of j and a.
2
Let x = -299 + 320. What is the highest common factor of x and 133?
7
Suppose 8*h + 0*h = 400. Let j(o) = o**3 + 10*o**2 - 3. Let b be j(-8). What is the greatest common divisor of b and h?
25
Suppose 2*u + 3*y - 380 = 0, -3*y + 372 = 2*u - 2*y. Suppose -3*m = -u - 80. What is the highest common factor of m and 8?
8
Let g(w) = w**2 + 11*w + 4. Let c be g(-11). Let i = c - -1. What is the greatest common divisor of i and 55?
5
Let a = -216 - -502. What is the highest common factor of 22 and a?
22
Let d be 60/9 + (-3)/(-9). Let c be ((-9)/216*-42)/(2/16). Calculate the highest common factor of c and d.
7
Let j = -172 + 182. What is the greatest common divisor of 1030 and j?
10
Let r = 80 - 115. Let z be (-327)/(-6) - (7/2)/(-7). Let m = r + z. Calculate the greatest common factor of m and 5.
5
Suppose 14 = 3*q - 4. Suppose -47*t = -66*t + 342. Calculate the highest common divisor of q and t.
6
Let o(r) = -r**2 + 9*r - 2. Let w be o(9). Let s be 125 + 3/1 + w. Calculate the greatest common divisor of s and 14.
14
Let u be 128 + -139 - (-232)/2. Calculate the highest common divisor of 5 and u.
5
Let h(t) = -132*t - 7. Let b be h(-1). Let v = -105 + b. Calculate the highest common factor of 20 and v.
20
Let s(a) = -12*a**3 + a**2 + 7*a + 5. Let z be s(-2). What is the highest common factor of z and 39?
13
Let j = -133 - -157. What is the highest common divisor of j and 6?
6
Let x be -1*4 - (-13 + -6). Calculate the greatest common divisor of 6 and x.
3
Suppose 33*b + 4*b - 629 = 0. Calculate the highest common factor of 34 and b.
17
Let b = -279 - -347. What is the greatest common divisor of b and 374?
34
Let w(j) = j**3 + 40*j**2 + 38*j - 32. Let t be w(-39). Suppose 2*n - n = 77. What is the highest common factor of t and n?
7
Suppose 5*j = 195 + 180. What is the greatest common divisor of 50 and j?
25
Let s = -186 - -200. What is the greatest common divisor of 210 and s?
14
Let i(l) = l**2 - 17*l + 52. Let k be i(15). Calculate the greatest common factor of k and 165.
11
Let y(n) = n**3 - n**2 - 2*n - 11. Let m be y(4). What is the highest common factor of 2 and m?
1
Suppose 38*f - 371 + 29 = 0. What is the highest common divisor of f and 87?
3
Suppose 4*j - 25 = 3. What is the greatest common factor of j and 7?
7
Let a be ((22 + 3)/(-5))/((-1)/4). Calculate the highest common divisor of 180 and a.
20
Let d = -1 + -1. Let m be (-2260)/(-28) + d/(-7)*1. Calculate the highest common divisor of m and 9.
9
Let h = 135 - 15. What is the highest common divisor of h and 210?
30
Let r be (16/12)/(742/105 + -7). Suppose p + 4*p + 180 = 0. Let f = 56 + p. Calculate the greatest common divisor of r and f.
20
Let s = -1176 - -1199. Calculate the highest common divisor of 414 and s.
23
Suppose 0 = -42*m + 51*m - 540. What is the greatest common factor of 480 and m?
60
Let a be 660 - (1 - -4)*48/80. Suppose -5*s - 267 + a = 0. Calculate the highest common factor of 39 and s.
39
Suppose 0 = 2*l - 77 + 5. Let u be 2/(-4 + l/8). Let h be (0 - (-7 + 2)) + -3. What is the highest common divisor of h and u?
2
Suppose q - 100 = 8. Suppose 2298*x = 2270*x + 2016. Calculate the greatest common divisor of q and x.
36
Let g = 132 + -105. What is the greatest common divisor of g and 3?
3
Let h be 6*(-4)/(-18) - 33/(-9). Calculate the highest common factor of h and 185.
5
Suppose -5*o = -7*o + 8. Suppose o*w + 180 = 9*w. Suppose -2*j = -3*j + 2*c + 3, 5*c = -5*j + 60. Calculate the highest common factor of j and w.
9
Suppose 97 = 6*u + 1. Suppose 0*b - u = -8*b. What is the greatest common factor of 22 and b?
2
Let f be 81/(-6)*8/(-6). Calculate the greatest common divisor of f and 306.
18
Let c = 474 - 214. What is the highest common divisor of c and 100?
20
Suppose -527 = 7*w - 639. What is the highest common divisor of 1656 and w?
8
Let c = 37 - 90. Let l = 67 + c. Calculate the highest common factor of l and 28.
14
Let l = -21 + 15. Let j(k) = -5*k. Let u be j(l). Let w be 3/7 + (-306)/(-21). What is the greatest common divisor of u and w?
15
Suppose 0 = 8*i + 114 - 634. What is the greatest common divisor of i and 13?
13
Suppose -5 = 4*b - 17. Let y be -1 - (12/b + -2). Let m(p) = -9*p - 2. Let d be m(y). Calculate the greatest common divisor of d and 5.
5
Suppose -5 = -v + 9. Suppose -84 = -6*d + 2*d. Calculate the greatest common factor of v and d.
7
Let l = -111 - -111. Suppose -i + 9 = -3*p - 16, 5*i - p - 139 = l. Calculate the highest common divisor of 7 and i.
7
Let p be (-78 - -77)*(-51 - (1 - 2)). Suppose -4*z = -3*r + r - 20, 0 = 5*r + 5*z - 25. Suppose v = -r*v + 20. Calculate the greatest common factor of v and p.
10
Let z(f) be the second derivative of f**4/6 + f**3/6 + f**2 + 4*f. Let d be z(-2). Suppose -2*v + d = 2. Calculate the greatest common factor of v and 3.
3
Let c(d) = -d**3 + d**2 + d + 3. Let u be c(0). Let s be (-4)/u*15/2. Let i be s/(-30) + 1672/6. What is the highest common factor of 31 and i?
31
Let h be (-64)/10 + 8/20. Let j = h - -12. Suppose 4*n - 20 = 196. What is the highest common divisor of n and j?
6
Suppose 16*m - 2712 = -22*m - 52. Suppose 0 = 5*d + 3*p - 38, -5*p + 10 = d + 2*d. Calculate the greatest common divisor of d and m.
10
Suppose 2*r - 1013 = 5*i - 5738, -1866 = -2*i - 4*r. Calculate the greatest common divisor of i and 23.
23
Suppose 3*d + 3 = -h, 5*h - 5*d - 19 = 2*h. Let g be (4 - h)*(1 + 6). Let c be (2/4)/((-4)/(-112)). Calculate the highest common divisor of c and g.
7
Let j be 6/(-1 + 4) - (1 - 7). Let m(d) = -7*d**2. Let v be m(-1). Let q be 6/(((-63)/60)/v). What is the highest common divisor of q and j?
8
Let u(w) = w**3 + w**2 + w - 28. Let t be u(0). Let c = t - -46. Suppose -5*j + 133 = -2. What is the highest common factor of c and j?
9
Let j(x) = -x**2 + x + 1. Let k be j(2). Let b(i) = -6*i**3 + i. Let r be b(k). Suppose r*p = 144 - 19. What is the highest common factor of p and 5?
5
Let y be 18/(-8)*(160/(-15))/8. Suppose -11 = -l - y. Suppose -2*n + 4 = 4*a, 3*a + 0*a + 2 = n. Calculate the highest common factor of l and n.
2
Let k be (-10)/60 - (-34)/(-12). Let t be (-3)/((-3)/(-18)*-1). Let s = t + k. Calculate the highest common divisor of s and 60.
15
Suppose -g = 2*b - 0*b + 1